{"id":160,"date":"2020-10-30T20:25:19","date_gmt":"2020-10-30T20:25:19","guid":{"rendered":"https:\/\/weltderspaetantike.de\/?page_id=160"},"modified":"2022-10-15T15:38:48","modified_gmt":"2022-10-15T15:38:48","slug":"die-hunnen","status":"publish","type":"page","link":"https:\/\/weltderspaetantike.de\/index.php\/podcasts\/die-hunnen\/","title":{"rendered":"Die Hunnen"},"content":{"rendered":"\n<figure class=\"wp-block-image size-large\"><img loading=\"lazy\" decoding=\"async\" width=\"680\" height=\"236\" src=\"https:\/\/weltderspaetantike.de\/wp-content\/uploads\/2020\/10\/Die-Hunnen-Header-e1604099182196.jpg\" alt=\"\" class=\"wp-image-85\" srcset=\"https:\/\/weltderspaetantike.de\/wp-content\/uploads\/2020\/10\/Die-Hunnen-Header-e1604099182196.jpg 680w, https:\/\/weltderspaetantike.de\/wp-content\/uploads\/2020\/10\/Die-Hunnen-Header-e1604099182196-300x104.jpg 300w, https:\/\/weltderspaetantike.de\/wp-content\/uploads\/2020\/10\/Die-Hunnen-Header-e1604099182196-500x174.jpg 500w\" sizes=\"(max-width: 680px) 100vw, 680px\" \/><figcaption>&#8222;Sturm \u00fcber Europa&#8220; von Peter Arens (2002) <\/figcaption><\/figure>\n\n\n\n<p><\/p>\n\n\n\n<figure class=\"wp-block-table\"><table><thead><tr><th>Folge<\/th><th>Ver\u00f6ffentlichung<\/th><\/tr><\/thead><tbody><tr><td>1   <a href=\"https:\/\/weltderspaetantike.de\/index.php\/2020\/10\/29\/willkommen-zur-welt-der-spaetantike\/\">Reiternomaden und Hunnenname<\/a><\/td><td>13. 11. 2020<\/td><\/tr><tr><td>2   <a href=\"https:\/\/weltderspaetantike.de\/index.php\/2020\/10\/29\/die-hunnen\/\">Hephtaliten, gentes und die Hunnen in Europa<\/a><\/td><td>20. 11. 2020<\/td><\/tr><tr><td>3   <a href=\"https:\/\/weltderspaetantike.de\/index.php\/2020\/10\/30\/folge-3-die-hunnen-und-die-roemer\/\">Die Hunnen und die R\u00f6mer<\/a><\/td><td>27. 11. 2020<\/td><\/tr><tr><td>4   <a href=\"https:\/\/weltderspaetantike.de\/index.php\/2020\/10\/30\/folge-4-zenit-und-untergang\/\">Zenit und Untergang<\/a><\/td><td>04. 11. 2020<\/td><\/tr><tr><td><em><a href=\"https:\/\/weltderspaetantike.de\/index.php\/2020\/10\/30\/bonusfolge-attila-und-die-11-000-jungfrauen\/\">Bonusfolge &#8211; Attila und die 11.000 Jungfrauen<\/a><\/em><\/td><td>11. 12. 2020<\/td><\/tr><\/tbody><\/table><\/figure>\n\n\n\n<p class=\"has-normal-font-size\"><strong>Literatur<\/strong><\/p>\n\n\n\n<p style=\"font-size:14px\"><a href=\"https:\/\/www.kohlhammer.de\/wms\/instances\/KOB\/appDE\/Geschichte\/Alte-Geschichte\/Westrom-978-3-17-033216-4\">Henning B\u00f6rm: Westrom. Von Honorius bis Justinian, Stuttgart 2013<\/a> Zur <a href=\"https:\/\/www.hsozkult.de\/publicationreview\/id\/reb-20098\">Rezension<\/a><\/p>\n\n\n\n<p><a href=\"https:\/\/www.chbeck.de\/rosen-voelkerwanderung\/product\/30789419\">Klaus Rosen: Die V\u00f6lkerwanderung M\u00fcnchen 2020, 5. Auflage.<\/a><\/p>\n\n\n\n<p><a href=\"https:\/\/www.chbeck.de\/stickler-hunnen\/product\/22417\">Timo Stickler: Die Hunnen, M\u00fcnchen 2007.<\/a> Zur <a href=\"https:\/\/www.hsozkult.de\/publicationreview\/id\/reb-11422\">Rezension<\/a><\/p>\n\n\n\n<p>Helmut de Boor: Das Attilabild. In Geschichte, Legende und heroischer Dichtung, Darmstadt 1963.<\/p>\n\n\n\n<p>Matthias Hardt: Attila &#8211; Atli &#8211; Etzel.\u00dcber den Wandel der Erinnerung an einen Hunnenk\u00f6nig im europ\u00e4ischen Mittelalter. In: Behemoth. A Journal on Civilisation 2009, 2. S. 19-28.<\/p>\n\n\n\n<p>Matthias Daumer: Attila. In. Historische Gestalten. Rezeption in Literatur, Kunst und Musik. (=Der Neue Pauly Supplemente Band 8), S. 127-138.<\/p>\n\n\n\n<p>Wilhelm Levison:&nbsp;<em>Das Werden der Ursula Legende,<\/em>&nbsp;In:&nbsp;<em>Bonner Jahrb\u00fccher<\/em>&nbsp;132, 1928, S. 1\u2013164.<\/p>\n","protected":false},"excerpt":{"rendered":"<p>Folge Ver\u00f6ffentlichung 1 Reiternomaden und Hunnenname 13. 11. 2020 2 Hephtaliten, gentes und die Hunnen in Europa 20. 11. 2020 3 Die Hunnen und die R\u00f6mer 27. 11. 2020 4 Zenit und Untergang 04. 11. 2020 Bonusfolge &#8211; Attila und &hellip; <a href=\"https:\/\/weltderspaetantike.de\/index.php\/podcasts\/die-hunnen\/\">Weiterlesen <span class=\"meta-nav\">&rarr;<\/span><\/a><\/p>\n","protected":false},"author":1,"featured_media":0,"parent":8,"menu_order":0,"comment_status":"closed","ping_status":"closed","template":"","meta":{"footnotes":""},"_links":{"self":[{"href":"https:\/\/weltderspaetantike.de\/index.php\/wp-json\/wp\/v2\/pages\/160"}],"collection":[{"href":"https:\/\/weltderspaetantike.de\/index.php\/wp-json\/wp\/v2\/pages"}],"about":[{"href":"https:\/\/weltderspaetantike.de\/index.php\/wp-json\/wp\/v2\/types\/page"}],"author":[{"embeddable":true,"href":"https:\/\/weltderspaetantike.de\/index.php\/wp-json\/wp\/v2\/users\/1"}],"replies":[{"embeddable":true,"href":"https:\/\/weltderspaetantike.de\/index.php\/wp-json\/wp\/v2\/comments?post=160"}],"version-history":[{"count":19,"href":"https:\/\/weltderspaetantike.de\/index.php\/wp-json\/wp\/v2\/pages\/160\/revisions"}],"predecessor-version":[{"id":412,"href":"https:\/\/weltderspaetantike.de\/index.php\/wp-json\/wp\/v2\/pages\/160\/revisions\/412"}],"up":[{"embeddable":true,"href":"https:\/\/weltderspaetantike.de\/index.php\/wp-json\/wp\/v2\/pages\/8"}],"wp:attachment":[{"href":"https:\/\/weltderspaetantike.de\/index.php\/wp-json\/wp\/v2\/media?parent=160"}],"curies":[{"name":"wp","href":"https:\/\/api.w.org\/{rel}","templated":true}]}}