{"id":661,"date":"2021-02-13T23:57:16","date_gmt":"2021-02-13T23:57:16","guid":{"rendered":"https:\/\/weltderspaetantike.de\/?page_id=661"},"modified":"2024-06-23T00:37:10","modified_gmt":"2024-06-23T00:37:10","slug":"die-sasaniden","status":"publish","type":"page","link":"https:\/\/weltderspaetantike.de\/index.php\/die-sasaniden\/","title":{"rendered":"Die Perser (Sasaniden)"},"content":{"rendered":"<div class=\"wp-block-image\">\n<figure class=\"aligncenter size-large is-resized\"><img loading=\"lazy\" decoding=\"async\" width=\"800\" height=\"600\" src=\"https:\/\/weltderspaetantike.de\/wp-content\/uploads\/2021\/02\/Bas_relief_nagsh-e-rostam_al-CC-BY-SA-Fabienkhan.jpg\" alt=\"\" class=\"wp-image-682\" style=\"width:503px;height:378px\" srcset=\"https:\/\/weltderspaetantike.de\/wp-content\/uploads\/2021\/02\/Bas_relief_nagsh-e-rostam_al-CC-BY-SA-Fabienkhan.jpg 800w, https:\/\/weltderspaetantike.de\/wp-content\/uploads\/2021\/02\/Bas_relief_nagsh-e-rostam_al-CC-BY-SA-Fabienkhan-300x225.jpg 300w, https:\/\/weltderspaetantike.de\/wp-content\/uploads\/2021\/02\/Bas_relief_nagsh-e-rostam_al-CC-BY-SA-Fabienkhan-768x576.jpg 768w, https:\/\/weltderspaetantike.de\/wp-content\/uploads\/2021\/02\/Bas_relief_nagsh-e-rostam_al-CC-BY-SA-Fabienkhan-400x300.jpg 400w\" sizes=\"(max-width: 800px) 100vw, 800px\" \/><\/figure><\/div>\n\n\n<figure class=\"wp-block-table\"><table><tbody><tr><td>1<\/td><td><a href=\"https:\/\/weltderspaetantike.de\/index.php\/2021\/11\/29\/die-sasaniden-perser-wer-sind-die-sasaniden\/\">Wer sind die Sasaniden?<\/a><\/td><td>29. 11. 2021<\/td><\/tr><tr><td>2<\/td><td><a href=\"https:\/\/weltderspaetantike.de\/index.php\/2021\/12\/06\/die-sasaniden-perser-schapur-i-koenig-der-koenige-von-iran-und-nicht-iran\/\">Die persische Weltanschauung und Schapur I<\/a><\/td><td>06. 12. 2021<\/td><\/tr><tr><td>3<\/td><td><a href=\"https:\/\/weltderspaetantike.de\/index.php\/2021\/12\/20\/die-sasaniden-perser-folge-3-schapur-i-und-seine-nachfolger\/\">Schapur I  und seine Nachfolger<\/a><\/td><td>20. 12. 2021<\/td><\/tr><tr><td>4<\/td><td><a href=\"https:\/\/weltderspaetantike.de\/index.php\/2022\/01\/03\/die-sasaniden-perser-folge-3-schapur-ii-ein-hoehepunkt-sasanidischer-macht\/\">Schapur II \u2013 Ein H\u00f6hepunkt sasanidischer Macht<\/a><\/td><td>03. 01. 2021<\/td><\/tr><tr><td>5<\/td><td><a href=\"https:\/\/weltderspaetantike.de\/index.php\/2022\/01\/11\/die-hunnen-christen-und-arabern-die-nachfolger-schapurs-ii\/\">Von Hunnen, Christen und Araber &#8211; Die Nachfolger Schapurs II.<\/a><\/td><td>11. 01. 2022<\/td><\/tr><tr><td>6<\/td><td><a href=\"https:\/\/weltderspaetantike.de\/index.php\/2022\/01\/25\/die-perser-folge-6-bahram-v-bis-balasch-von-schwachen-koenigen-starken-hephtaliten-und-streitenden-christen\/\">Von Bahram V. Gor bis Balash<\/a><\/td><td>25. 01. 2022<\/td><\/tr><tr><td>7<\/td><td><a href=\"https:\/\/weltderspaetantike.de\/index.php\/2022\/02\/01\/die-perser-folge-7-die-persische-gesellschaft-kavad-und-der-mazdakismus\/\">Die persische Gesellschaft, Kavad und der Mazdakismus<\/a><\/td><td>01. 02. 2022<\/td><\/tr><tr><td>8<\/td><td><a href=\"https:\/\/weltderspaetantike.de\/index.php\/2022\/02\/09\/die-perser-folge-8-die-wiederherstellung-des-koenigtums-die-reformen-chosraus-i\/\">Die Wiederherstellung des K\u00f6nigtums &#8211; Die Reformen Chosraus I. <\/a><\/td><td>09. 02. 2022<\/td><\/tr><tr><td>9<\/td><td><a href=\"https:\/\/weltderspaetantike.de\/index.php\/2022\/02\/16\/die-perser-folge-9-spaetantike-geopolitik\/\">Sp\u00e4tantike Geopolitik<\/a><\/td><td>16. 02. 2022<\/td><\/tr><tr><td>10<\/td><td><a href=\"https:\/\/weltderspaetantike.de\/index.php\/2022\/02\/28\/die-perser-folge-10-chosrau-i-ein-politischer-und-kultureller-hoehepunkt\/\">Chosrau I. &#8211; Ein politischer und kultureller H\u00f6hepunkt<\/a><\/td><td>28. 02. 2022<\/td><\/tr><tr><td>11<\/td><td><a href=\"https:\/\/weltderspaetantike.de\/index.php\/2022\/03\/10\/die-perser-folge-11-chosraus-ii-langer-marsch-zur-macht\/\">Chosraus II. langer Marsch zur Macht<\/a><\/td><td>10. 03. 2022<\/td><\/tr><tr><td>12<\/td><td><a href=\"https:\/\/weltderspaetantike.de\/index.php\/2022\/03\/30\/die-perser-folge-12-der-letzte-grosse-krieg-der-antike-i\/\">Der letzte gro\u00dfe Krieg der Antike I<\/a><\/td><td>30. 03. 2022<\/td><\/tr><tr><td>13<\/td><td><a href=\"https:\/\/weltderspaetantike.de\/?p=1536\">Der letzte gro\u00dfe Krieg der Antike II<\/a><\/td><td>11. 04. 2022<\/td><\/tr><tr><td>14<\/td><td><a href=\"https:\/\/weltderspaetantike.de\/index.php\/2022\/04\/18\/die-perser-folge-14-der-untergang-der-sasaniden\/\">Der Untergang der Sasaniden<\/a><\/td><td>18. 04. 2022<\/td><\/tr><tr><td>15<\/td><td><a href=\"https:\/\/weltderspaetantike.de\/index.php\/2022\/04\/26\/rueckblick-das-verhaeltnis-zwischen-den-roemern-und-persern\/\">R\u00fcckblick &#8211; Das Verh\u00e4ltnis zwischen R\u00f6mern und Persern<\/a><\/td><td>26. 04. 2022<\/td><\/tr><\/tbody><\/table><\/figure>\n\n\n<div class=\"wp-block-image\">\n<figure class=\"aligncenter size-full is-resized\"><img loading=\"lazy\" decoding=\"async\" width=\"395\" height=\"386\" src=\"https:\/\/weltderspaetantike.de\/wp-content\/uploads\/2021\/11\/Gold_coin_of_Shapur_I_minted_at_Ctesiphon_between_260\u2013272-CC-BY-SA-3-CNG-Coins-Haelfte.jpg\" alt=\"\" class=\"wp-image-1275\" style=\"width:207px;height:208px\" srcset=\"https:\/\/weltderspaetantike.de\/wp-content\/uploads\/2021\/11\/Gold_coin_of_Shapur_I_minted_at_Ctesiphon_between_260\u2013272-CC-BY-SA-3-CNG-Coins-Haelfte.jpg 395w, https:\/\/weltderspaetantike.de\/wp-content\/uploads\/2021\/11\/Gold_coin_of_Shapur_I_minted_at_Ctesiphon_between_260\u2013272-CC-BY-SA-3-CNG-Coins-Haelfte-300x293.jpg 300w, https:\/\/weltderspaetantike.de\/wp-content\/uploads\/2021\/11\/Gold_coin_of_Shapur_I_minted_at_Ctesiphon_between_260\u2013272-CC-BY-SA-3-CNG-Coins-Haelfte-307x300.jpg 307w\" sizes=\"(max-width: 395px) 100vw, 395px\" \/><\/figure><\/div>\n\n\n<figure class=\"wp-block-table\"><table><tbody><tr><td><\/td><td><strong>Bonusfolgen<\/strong><\/td><td><\/td><\/tr><tr><td>1<\/td><td><a href=\"https:\/\/weltderspaetantike.de\/index.php\/2024\/06\/23\/die-perser-bonusfolge-chosrau-ii-eine-rezeptionsgeschichte-2\/\">Chosrau II &#8211; Rezeptionsgeschichte<\/a><\/td><td>05.2022<\/td><\/tr><tr><td><\/td><td><strong>Die V\u00f6lkerschaften Zentralasiens<\/strong><\/td><td><\/td><\/tr><tr><td>2<\/td><td><a href=\"https:\/\/weltderspaetantike.de\/index.php\/2022\/06\/03\/die-voelker-zentralasiens-folge-1-die-kushan-und-kushano-sasaniden\/\">Die Kushan und Kushano-Sasaniden<\/a><\/td><td>03. 06. 2022<\/td><\/tr><tr><td>3<\/td><td><a href=\"https:\/\/weltderspaetantike.de\/?p=1620\">Die Kidariten<\/a><\/td><td>03. 06. 2022<\/td><\/tr><tr><td>4<\/td><td><a href=\"https:\/\/weltderspaetantike.de\/index.php\/2022\/06\/10\/die-voelker-zentralasiens-folge-3-die-hephthaliten\/\">Die Hephtaliten<\/a><\/td><td>10. 06. 2022<\/td><\/tr><tr><td>5<\/td><td><a href=\"https:\/\/weltderspaetantike.de\/index.php\/2022\/06\/10\/die-voelker-zentralasiens-folge-4-die-tuerken\/\">Die T\u00fcrken <\/a><\/td><td>10. 06. 2022<\/td><\/tr><\/tbody><\/table><\/figure>\n\n\n\n<p><strong>Literatur:<\/strong><\/p>\n\n\n\n<p>Eshan Yarshater (Hg.): Cambridge History of Iran. Band 3 (<a href=\"https:\/\/www.cambridge.org\/core\/books\/cambridge-history-of-iran\/E09336FF73F17B70934FB583333A5F80\">Teilband I<\/a>+ <a href=\"https:\/\/www.cambridge.org\/core\/books\/cambridge-history-of-iran\/B6C7264156FFBCAB886CEC0B99D0BA3F\">Teilband II<\/a>) &#8211; The Seleukid, Parthian and Sasanian Period. Cmabridge 2006<sup>4<\/sup>:<\/p>\n\n\n\n<p>&#8211; R. N. Frye: The political History of Iran under the Sasanians, S. 116-181<\/p>\n\n\n\n<p>&#8211; Robert G\u00f6bl, Sasanian Coins, S. 322-343.<\/p>\n\n\n\n<p>&#8211; Ehsan Yarshater: Iranian common beliefs and Worldview, S. 434-359.<\/p>\n\n\n\n<p>&#8211; Wilhelm Eilers: Iran and Mesopotamia, S. 481-505.<\/p>\n\n\n\n<p>&#8211; David K. Lang: Iran, Armenia and Georgia, S. 505-537.<\/p>\n\n\n\n<p>&#8211; Nina Garsoian, Byzantium and the Sasanians, S. 568-593.<\/p>\n\n\n\n<p>&#8211; C. E. Bosworth, Iran and the Arabs before Islam, S. 593-613.<\/p>\n\n\n\n<p>&#8211; A. Perikhanian, Iranian Society and Law, S. 627-681.<\/p>\n\n\n\n<p>&#8211; V. G. Lukonin, Political, social and administrative Institutions, S. 681-747.<\/p>\n\n\n\n<p>&#8211; J. Duchesne-Guillemin, Zoroastrian Religion, S. 866-909.<\/p>\n\n\n\n<p>&#8211; J. P. Asmussen, Christians in Iran, S. 924-949.<\/p>\n\n\n\n<p>&#8211; Ehsan Yarshater: Mazdakism, S. 991-1027.<\/p>\n\n\n\n<p>Digans, Beate und Winter, Engelbert: Rom und das Perserreich. Zwei Weltm\u00e4chte zwischen Konfrontation und Koexistenz. Berlin 2001.<\/p>\n\n\n\n<p>Schippmann, Klaus: Grundz\u00fcge der Geschichte des sasanidischen Reiches, Darmstadt 1990.<\/p>\n\n\n\n<p>Wieseh\u00f6fer, Joseph: Das antike Persien. D\u00fcsseldorf 2005.<\/p>\n\n\n\n<p>Howard-Johnston, James: The Last Great War of Antiquity. Oxford 2021.<\/p>\n\n\n\n<p>B. A. Litvinsky, Zhang Guand-Da, R. Shabani Samghabadi (Hgg.): History of Civilizations of Central Asia, Band III. The crossroad of civilizations A. D. 250 to 750. Paris 1996.<\/p>\n\n\n\n<p>Janos Harmatta, B. N. Puri und  G. F. Etemadie (Hgg.):  History of Civilizations of Central Asia, Band II. Development of Sedentary an Nomadic Civilisations 700 B. C. &#8211; A. D. 250. Paris 1996<sup>2<\/sup>.<\/p>\n\n\n\n<p>B\u00f6rm, Henning: Kavad I, Khorow and the Wars with the Roman Empire, in: K. Rezakhani (Hg.): Brill\u2018s Companion to war in Ancient Iran, Leiden 2022 (noch unver\u00f6ffentlicht) (25 Seiten).<\/p>\n\n\n\n<p>B\u00f6rm, Henning: Malalas und die Perser. Manich\u00e4er und Mazdakiten in r\u00f6mischer Perspektive, in: O. Gengler (ed.), Johannes Malalas. Der Chronist als Zeithistoriker, Stuttgart: Franz Steiner Verlag 2021 (noch unver\u00f6ffentlicht) (19 Seiten).<\/p>\n\n\n\n<p>B\u00f6rm, Henning: Kontinuit\u00e4t im Wandel. Begr\u00fcndungsmuster und Handlungsspielr\u00e4ume der iranischen Monarchie in arsakidischer und sasanidischer Zeit, in: Monarchischer Herrschaft im Altertum. Schriften des Historischen Kollegs, Band 94, S. 545-564.<\/p>\n\n\n\n<p>B\u00f6rm, Henning: \u201eEs war allerdings nicht so, dass sie es im Sinne eines Tributes erhielten, wie viele meinten&#8230;\u201c Anl\u00e4sse und Funktion der persischen Geldforderungen an die R\u00f6mer (3. Jh. bis 6. Jh.), in: Historia Band 57\/3 (2008), S. 327-346.<\/p>\n\n\n\n<p>B\u00f6rm, Henning: Die Grenzen des Gro\u00dfk\u00f6nigs? \u00dcberlegungen zur arsakidisch-sasanidischen Politik gegen\u00fcber Rom, in: 99-122.<\/p>\n\n\n\n<p>Kosinski, Rafal: The Role of Christianity in the Relations between the Roman Epire and Persia in the first Half of the 4th century: a few comments with reference to Karin Mosig-Walburg\u2018s Article, in: Byzantina Chronika 102 (2018), S. 96-102.<\/p>\n\n\n\n<p>Keenan Baca-Winters: From Rome to Iran: Identity and Xusro II. Irvine 2015.<\/p>\n","protected":false},"excerpt":{"rendered":"<p>1 Wer sind die Sasaniden? 29. 11. 2021 2 Die persische Weltanschauung und Schapur I 06. 12. 2021 3 Schapur I und seine Nachfolger 20. 12. 2021 4 Schapur II \u2013 Ein H\u00f6hepunkt sasanidischer Macht 03. 01. 2021 5 Von &hellip; <a href=\"https:\/\/weltderspaetantike.de\/index.php\/die-sasaniden\/\">Weiterlesen <span class=\"meta-nav\">&rarr;<\/span><\/a><\/p>\n","protected":false},"author":1,"featured_media":0,"parent":0,"menu_order":0,"comment_status":"closed","ping_status":"closed","template":"","meta":{"footnotes":""},"_links":{"self":[{"href":"https:\/\/weltderspaetantike.de\/index.php\/wp-json\/wp\/v2\/pages\/661"}],"collection":[{"href":"https:\/\/weltderspaetantike.de\/index.php\/wp-json\/wp\/v2\/pages"}],"about":[{"href":"https:\/\/weltderspaetantike.de\/index.php\/wp-json\/wp\/v2\/types\/page"}],"author":[{"embeddable":true,"href":"https:\/\/weltderspaetantike.de\/index.php\/wp-json\/wp\/v2\/users\/1"}],"replies":[{"embeddable":true,"href":"https:\/\/weltderspaetantike.de\/index.php\/wp-json\/wp\/v2\/comments?post=661"}],"version-history":[{"count":50,"href":"https:\/\/weltderspaetantike.de\/index.php\/wp-json\/wp\/v2\/pages\/661\/revisions"}],"predecessor-version":[{"id":2336,"href":"https:\/\/weltderspaetantike.de\/index.php\/wp-json\/wp\/v2\/pages\/661\/revisions\/2336"}],"wp:attachment":[{"href":"https:\/\/weltderspaetantike.de\/index.php\/wp-json\/wp\/v2\/media?parent=661"}],"curies":[{"name":"wp","href":"https:\/\/api.w.org\/{rel}","templated":true}]}}