{"id":860,"date":"2021-04-15T22:17:16","date_gmt":"2021-04-15T22:17:16","guid":{"rendered":"https:\/\/weltderspaetantike.de\/?page_id=860"},"modified":"2025-07-06T18:06:52","modified_gmt":"2025-07-06T18:06:52","slug":"bonusfolgen","status":"publish","type":"page","link":"https:\/\/weltderspaetantike.de\/index.php\/bonusfolgen\/","title":{"rendered":"Bonusfolgen"},"content":{"rendered":"<div class=\"wp-block-image\">\n<figure class=\"alignleft size-full is-resized\"><img loading=\"lazy\" decoding=\"async\" width=\"384\" height=\"391\" src=\"https:\/\/weltderspaetantike.de\/wp-content\/uploads\/2020\/10\/Justinian-Gesicht-2.jpg\" alt=\"\" class=\"wp-image-67\" style=\"width:161px;height:169px\" srcset=\"https:\/\/weltderspaetantike.de\/wp-content\/uploads\/2020\/10\/Justinian-Gesicht-2.jpg 384w, https:\/\/weltderspaetantike.de\/wp-content\/uploads\/2020\/10\/Justinian-Gesicht-2-295x300.jpg 295w\" sizes=\"(max-width: 384px) 100vw, 384px\" \/><\/figure><\/div>\n\n<div class=\"wp-block-image\">\n<figure class=\"alignright size-full is-resized\"><img loading=\"lazy\" decoding=\"async\" width=\"91\" height=\"92\" src=\"https:\/\/weltderspaetantike.de\/wp-content\/uploads\/2020\/11\/Christoph-Mosaik-1.jpg\" alt=\"\" class=\"wp-image-288\" style=\"width:159px;height:151px\"\/><\/figure><\/div>\n\n\n<p><\/p>\n\n\n\n<p><\/p>\n\n\n\n<p><\/p>\n\n\n\n<p><\/p>\n\n\n\n<p>Wenn ihr uns bei <a href=\"https:\/\/www.patreon.com\/user?u=36142910\">patreon<\/a> abonniert bekommt ihr Zugang zu den Bonusfolgen und den Manuskripten aller Folgen (regul\u00e4r und Bonus). Und ca jeden Monat kommt eine neue Bonusfolge dazu! Wenn ihr euch aber nur f\u00fcr einige bestimmte Folgen interessiert, k\u00f6nnt ihr sie auch gern einzeln (3\u20ac pro St\u00fcck) kaufen. Einfach ein Trinkgeld bei <a href=\"https:\/\/ko-fi.com\/weltderspaetantike\">ko-fi<\/a> da lassen und eine Nachricht schreiben, welche ihr haben wollt. Wir machen sie euch dann individuell zug\u00e4nglich.<\/p>\n\n\n\n<p><\/p>\n\n\n\n<p><\/p>\n\n\n\n<p><\/p>\n\n\n\n<figure class=\"wp-block-table\"><table><tbody><tr><td><a href=\"https:\/\/weltderspaetantike.de\/index.php\/2020\/12\/11\/bonusfolge-attila-und-die-11-000-jungfrauen\/\">Attila und die 11.000 Jungfrauen<\/a> (frei zug\u00e4nglich)<\/td><td>11. 12. 2020<\/td><\/tr><tr><td><a href=\"https:\/\/weltderspaetantike.de\/index.php\/2023\/06\/24\/die-vandalen-bonusfolge-1-der-wuermertod-als-antikes-strafmotiv\/\">Der W\u00fcrmertod als antikes Strafmotiv<\/a> (inwischen kostenlos)<\/td><td>21. 01. 2021<\/td><\/tr><tr><td><a href=\"https:\/\/weltderspaetantike.de\/index.php\/2023\/07\/01\/die-vandalen-bonusfolge-2-germanen-slawen-und-vandalismus-eine-rezeptionsgeschichte\/\">Was haben die Vandalen mit den Slawen und Schweden zu tun?<\/a> <br>(inzwischen kostenlos)<\/td><td>05. 02. 2021        <\/td><\/tr><tr><td><a href=\"https:\/\/weltderspaetantike.de\/index.php\/2023\/07\/08\/die-vandalen-bonusfolge-3-die-sueben\/\">Die Sueben<\/a> (inzwischen kostenlos)<\/td><td>12. 02. 2021<\/td><\/tr><tr><td><a href=\"https:\/\/weltderspaetantike.de\/index.php\/2023\/07\/22\/die-goten-bonusfolge-1-goten-in-konstantinopel-von-goten-und-eunuchen-2\/\">Goten in Konstantinopel I &#8211; Von Goten und Eunuchen<\/a> <br>(inzwischen kostenlos)<\/td><td>23. 04. 2021<\/td><\/tr><tr><td><a href=\"https:\/\/weltderspaetantike.de\/index.php\/2023\/07\/30\/die-goten-bonusfolge-2-goten-in-konstantinopel-von-goten-und-bischoefen-2\/\">Goten in Konstantinopel II &#8211; Von Goten und Bisch\u00f6fen<\/a> <br>(inzwischen kostenlos)<\/td><td>23. 04. 2021<\/td><\/tr><tr><td><a href=\"https:\/\/weltderspaetantike.de\/index.php\/2023\/08\/05\/bonus-3-rezeptionsgeschichte-theoderich-der-grosse-2\/\">Rezeptionsgeschichte &#8211; Theoderich der Gro\u00dfe<\/a> (kostenlos)<\/td><td>15. 10. 2022<\/td><\/tr><tr><td><a href=\"https:\/\/weltderspaetantike.de\/index.php\/2021\/11\/08\/minibonusfolge-die-germanischen-reichsbildungen-auf-roemischen-boden\/\">Bonus zum 1. Jahrestag &#8211; <\/a><br><a href=\"https:\/\/weltderspaetantike.de\/index.php\/2021\/11\/08\/minibonusfolge-die-germanischen-reichsbildungen-auf-roemischen-boden\/\">Die germanischen Reichsbildungen auf r\u00f6mischem Boden <\/a><br>(frei zug\u00e4nglich)<\/td><td>08. 11. 2021<\/td><\/tr><tr><td><a href=\"https:\/\/weltderspaetantike.de\/index.php\/2021\/11\/15\/die-merowinger-bonusfolge-1-die-vita-des-heiligen-desiderius-von-vienne\/\">Die Vita des heiligen Desiderius von Vienne I<\/a> (inzwischen kostenlos)<\/td><td>15. 11. 2021<\/td><\/tr><tr><td><a href=\"https:\/\/weltderspaetantike.de\/index.php\/2021\/11\/22\/die-merowinger-bonusfolge-2-die-vita-des-heiligen-desiderius-von-vienne-ii\/\">Die Vita des heiligen Desiderius von Vienne II<\/a> (inzwischen kostenlos)<\/td><td>22. 11. 2021<\/td><\/tr><tr><td><a href=\"https:\/\/weltderspaetantike.de\/index.php\/2024\/06\/23\/die-perser-bonusfolge-chosrau-ii-eine-rezeptionsgeschichte-2\/\">Chosrau II \u2013 Rezeptionsgeschichte<\/a> (inzwischen kostenlos)<\/td><td>10. 05. 2022<\/td><\/tr><tr><td><a href=\"https:\/\/weltderspaetantike.de\/index.php\/2022\/06\/03\/die-voelker-zentralasiens-folge-1-die-kushan-und-kushano-sasaniden\/\">Die Kushan und Kushano-Sasaniden<\/a> (inzwischen kostenlos)<\/td><td>03. 06. 2022<\/td><\/tr><tr><td><a href=\"https:\/\/weltderspaetantike.de\/index.php\/2024\/07\/28\/die-voelker-zentralasiens-folge-2-die-kidariten-2\/\">Die Kidariten<\/a> (inzwischen kostenlos)<\/td><td>03. 06. 2022<\/td><\/tr><tr><td><a href=\"https:\/\/weltderspaetantike.de\/index.php\/2024\/08\/18\/die-hephthaliten\/\">Die Hephtaliten<\/a> (inzwischen kostenlos)<\/td><td>10. 06. 2022<\/td><\/tr><tr><td><a href=\"https:\/\/weltderspaetantike.de\/index.php\/2024\/10\/14\/die-voelker-zentralasiens-folge-4-die-tuerken-2\/\">Die T\u00fcrken <\/a>(inzwischen kostenlos)<\/td><td>10. 06. 2022<\/td><\/tr><tr><td><a href=\"https:\/\/weltderspaetantike.de\/index.php\/2022\/10\/05\/himyar\/\">Himyar<\/a><\/td><td>05. 10. 2022<\/td><\/tr><tr><td><a href=\"https:\/\/weltderspaetantike.de\/index.php\/2022\/11\/17\/bousfolge-zum-2-jahrestag-martin-von-tours\/\">Bonus zum 2. Jahrestag &#8211; Martin von Tours<\/a> (frei zug\u00e4nglich)<\/td><td>17. 11. 2022<\/td><\/tr><tr><td><a href=\"https:\/\/weltderspaetantike.de\/index.php\/2022\/12\/07\/georgien-folge-1-von-der-fruehzeit-bis-zum-ersten-auftreten-der-roemer\/\">Georgien I \u2013 Von der Fr\u00fchzeit bis zum ersten Auftreten der R\u00f6mer<\/a><\/td><td>07. 12. 2022<\/td><\/tr><tr><td><a href=\"https:\/\/weltderspaetantike.de\/index.php\/2023\/01\/22\/georgien-folge-2-von-hellenistischer-zeit-bis-zum-anbruch-der-spaetantike\/\">Georgien II &#8211; Von hellenistischer Zeit bis zum Anbruch der Sp\u00e4tantike<\/a><\/td><td>22. 01. 2023<\/td><\/tr><tr><td><a href=\"https:\/\/weltderspaetantike.de\/index.php\/2023\/01\/28\/georgien-folge-3-iberien-und-lasika-zwischen-den-persern-und-roemern\/\">Georgien III &#8211; Iberien und Lasika zwischen R\u00f6mern und Persern<\/a><\/td><td>28. 01. 2023<\/td><\/tr><tr><td><a href=\"https:\/\/weltderspaetantike.de\/index.php\/2023\/03\/10\/die-oestlichen-nachbarn-des-roemischen-reiches\/\">Bonus &#8211; Die \u00f6stlichen Nachbarn der R\u00f6mer (frei zug\u00e4nglich)<\/a><\/td><td>10. 03. 2023<\/td><\/tr><tr><td><a href=\"https:\/\/weltderspaetantike.de\/index.php\/2023\/03\/22\/der-bacchanalien-skandal\/\">Der Bacchanalien-Skandal<\/a><\/td><td>22. 03. 2023<\/td><\/tr><tr><td><a href=\"https:\/\/weltderspaetantike.de\/index.php\/2023\/05\/04\/der-wandel-des-spaetantiken-heidentums\/\">Der Wandel des sp\u00e4tantiken Heidentums<\/a><\/td><td>04. 05. 2023<\/td><\/tr><tr><td><a href=\"https:\/\/weltderspaetantike.de\/index.php\/2023\/08\/28\/julian-apostata-teil\/\">Julian Apostata &#8211; Teil I &#8211; Die Erneuerung des Heidentums<\/a><\/td><td>28. 08. 2023<\/td><\/tr><tr><td><a href=\"https:\/\/weltderspaetantike.de\/index.php\/2023\/08\/31\/julian-apostata-teil-ii-vorgehen-gegen-das-christentum\/\">Julia Apostata &#8211; Teil II &#8211; Vorgehen gegen das Christentum<\/a><\/td><td>31. 08. 2023<\/td><\/tr><tr><td><a href=\"https:\/\/weltderspaetantike.de\/index.php\/2023\/09\/18\/flueche-im-roemischen-reich\/\">Fl\u00fcche im R\u00f6mischen Reich<\/a><\/td><td>18. 09. 2023<\/td><\/tr><tr><td><a href=\"https:\/\/weltderspaetantike.de\/index.php\/2023\/12\/05\/bonus-zum-3-jahrestag-geister-untote-und-schreckgestalten-im-alten-rom\/\">Geister, Untote und Schreckgestalten im Alten Rom (frei zug\u00e4nglich)<\/a><\/td><td>05. 12. 2023<\/td><\/tr><tr><td><a href=\"http:\/\/die-parsen-i-die-migration-nach-indien\">Die Parsen I &#8211; Die Migratinsgeschichte nach Indien<\/a><\/td><td>12. 06. 2024<\/td><\/tr><tr><td><a href=\"http:\/\/der-zoroastrismus-die-parsen-ii-in-der-neuzeit\">Die Parsen II &#8211; In der Neuzeit<\/a><\/td><td>12. 06. 2024<\/td><\/tr><tr><td><a href=\"https:\/\/weltderspaetantike.de\/index.php\/2024\/07\/12\/zoroastrier-im-modernen-iran\/\">Zoroastrier im modernen Iran<\/a><\/td><td>12. 07. 2024<\/td><\/tr><tr><td><a href=\"https:\/\/weltderspaetantike.de\/index.php\/2024\/07\/15\/zoroastrier-in-sri-lanka\/\">Zoroastrier in Sri Lanka<\/a><\/td><td>16. 07. 2024<\/td><\/tr><tr><td><a href=\"https:\/\/weltderspaetantike.de\/index.php\/2024\/10\/29\/liebeszauber\/\">Liebeszauber<\/a><\/td><td>29. 10. 2024<\/td><\/tr><tr><td><a href=\"https:\/\/weltderspaetantike.de\/index.php\/2024\/10\/14\/bonus-schutz-und-heilzauber\/\">Heil- und Schutzzauber<\/a><\/td><td>15. 10. 2024<\/td><\/tr><tr><td><a href=\"https:\/\/weltderspaetantike.de\/index.php\/2024\/10\/14\/bonus-die-grenzen-zwischen-gebete-und-magie\/\">Zwischen Gebet und Magie<\/a><\/td><td>15. 10. 2025<\/td><\/tr><tr><td><a href=\"https:\/\/weltderspaetantike.de\/index.php\/2025\/06\/25\/magie-im-roemischen-reich-der-blick-in-die-zukunft-i\/\">Der Blick in die Zukunft I<\/a><\/td><td>25. 06. 2025<\/td><\/tr><tr><td><a href=\"https:\/\/weltderspaetantike.de\/index.php\/2025\/07\/06\/magie-im-roemischen-reich-der-blick-in-die-zukunft-ii\/\">Der Blick in die Zukunft II<\/a><\/td><td>06. 07. 2025<\/td><\/tr><tr><td>Astrologie und Magie<\/td><td>07. 2025<\/td><\/tr><tr><td>Alchemie<\/td><td>07. 2025<\/td><\/tr><tr><td>Theurgie &#8211; Philosophie und Magie<\/td><td><\/td><\/tr><tr><td><a href=\"https:\/\/weltderspaetantike.de\/index.php\/2025\/05\/20\/der-manichaeismus-bonusfolge-1-manis-tod\/\">Manis Tod<\/a><\/td><td>20. 5. 2025<\/td><\/tr><tr><td><a href=\"https:\/\/weltderspaetantike.de\/index.php\/2025\/05\/30\/der-manichaeismus-bonusfolge-2-spuren-des-manichaeismus-in-iberien\/\">Spuren des Manich\u00e4ismus in Iberien<\/a><\/td><td>30. 5. 2025<\/td><\/tr><\/tbody><\/table><\/figure>\n","protected":false},"excerpt":{"rendered":"<p>Wenn ihr uns bei patreon abonniert bekommt ihr Zugang zu den Bonusfolgen und den Manuskripten aller Folgen (regul\u00e4r und Bonus). Und ca jeden Monat kommt eine neue Bonusfolge dazu! Wenn ihr euch aber nur f\u00fcr einige bestimmte Folgen interessiert, k\u00f6nnt &hellip; <a href=\"https:\/\/weltderspaetantike.de\/index.php\/bonusfolgen\/\">Weiterlesen <span class=\"meta-nav\">&rarr;<\/span><\/a><\/p>\n","protected":false},"author":1,"featured_media":0,"parent":0,"menu_order":0,"comment_status":"closed","ping_status":"closed","template":"","meta":{"footnotes":""},"_links":{"self":[{"href":"https:\/\/weltderspaetantike.de\/index.php\/wp-json\/wp\/v2\/pages\/860"}],"collection":[{"href":"https:\/\/weltderspaetantike.de\/index.php\/wp-json\/wp\/v2\/pages"}],"about":[{"href":"https:\/\/weltderspaetantike.de\/index.php\/wp-json\/wp\/v2\/types\/page"}],"author":[{"embeddable":true,"href":"https:\/\/weltderspaetantike.de\/index.php\/wp-json\/wp\/v2\/users\/1"}],"replies":[{"embeddable":true,"href":"https:\/\/weltderspaetantike.de\/index.php\/wp-json\/wp\/v2\/comments?post=860"}],"version-history":[{"count":67,"href":"https:\/\/weltderspaetantike.de\/index.php\/wp-json\/wp\/v2\/pages\/860\/revisions"}],"predecessor-version":[{"id":2728,"href":"https:\/\/weltderspaetantike.de\/index.php\/wp-json\/wp\/v2\/pages\/860\/revisions\/2728"}],"wp:attachment":[{"href":"https:\/\/weltderspaetantike.de\/index.php\/wp-json\/wp\/v2\/media?parent=860"}],"curies":[{"name":"wp","href":"https:\/\/api.w.org\/{rel}","templated":true}]}}